15 is divided by c?
51
Calculate the remainder when 1267/(-70)*-4 - (-8)/(-20) is divided by 23.
3
Let h(m) = 2*m**3 - 26*m**2 + 5*m - 38. What is the remainder when h(13) is divided by (-1)/((28/70)/(-2*1))?
2
Let f = 604 + -571. What is the remainder when 857 is divided by f?
32
Suppose -n - 163 = -h, -3*h - 4*n + 481 = -3*n. What is the remainder when h is divided by 27?
26
Suppose -4*y = -309 - 67. Let g(w) = 4 + 4 + 7 - 6*w - 7. What is the remainder when y is divided by g(-4)?
30
Let a be (-4 - 0) + 0 + 6. Calculate the remainder when a + ((-240)/(-4) - -5) is divided by 17.
16
Suppose -94 = x + 3*h, 2*h = -h + 3. Let m = 45 - x. What is the remainder when m is divided by 37?
31
Let t(v) = 7*v + 645. Calculate the remainder when t(15) is divided by 29.
25
Let h be (8/28)/(4/28). Suppose 278 = 4*x + h*p, -x = 2*x - 2*p - 212. Calculate the remainder when x is divided by -2 + 1 + (27 - 2).
22
Suppose -2*k - f = -4*f - 387, -4*f + 12 = 0. What is the remainder when k is divided by 26?
16
Suppose -2*g + 26 = -4*g. Let l = -12 - g. Calculate the remainder when 5 is divided by l.
0
Let p be (0 + -4)/(1/2). Let d(i) = 5*i - 12 + 2*i**2 - i**2 + 0*i**2. What is the remainder when 44 is divided by d(p)?
8
Suppose 0 = -l - 16 + 117. What is the remainder when l is divided by 11?
2
Let s(k) = 2*k**3 + 7*k**2 + 9*k - 3. Let p be s(-4). What is the remainder when 105 is divided by (297/p)/((-1)/5)?
24
Suppose -196*x - 468 = -202*x. Calculate the remainder when x is divided by 17.
10
Suppose -5*w + 101 = 6. Suppose 0 = q - 11 - 22. What is the remainder when q is divided by w?
14
Suppose 0 = 2*g + 5*g - 532. Suppose 5*h - 2*h + 3 = 0, g = q + 4*h. Suppose 8 - q = -l. Calculate the remainder when l is divided by 19.
15
Suppose -3*g + 6 = -8*p + 4*p, 4*p + 5*g = -22. Let y(h) = -h**3 + 5*h**2 + 8*h + 5. What is the remainder when -134*3/(p - 3) is divided by y(6)?
16
Suppose 0*j = 3*j - 30. Suppose 2*z + j = 0, 4*p - 2*z = 3*z + 797. Suppose 3*m - 158 = p. Calculate the remainder when m is divided by 30.
27
Suppose -2 = -2*o, 17 + 188 = 4*c + 5*o. Suppose 112 = -v + 130. Calculate the remainder when c is divided by v.
14
Suppose 68 = 5*r - f - 3*f, -f = -5*r + 77. Suppose -15*z - 89 = -r*z. Suppose -3*l + z = 38. Calculate the remainder when 81 is divided by l.
13
Let k(f) = -f - 6. Let g be k(-4). Let u(p) = -4 + 6 - 2*p - 8*p + p. What is the remainder when u(g) is divided by 7?
6
What is the remainder when 117 is divided by 4/6*63 + 9?
15
Suppose 3*d + 5*z + 122 = 4*z, 2*z + 10 = 0. Let w = -24 - d. Let x = -19 - -61. Calculate the remainder when x is divided by w.
12
Let v(p) = -10*p + 1. Let o = 18 - 23. Let s(m) = 11*m - 1. Let y(c) = o*s(c) - 6*v(c). What is the remainder when y(6) is divided by 10?
9
Let s(q) = 26*q - 9. Let l be s(9). Suppose l = 7*k - 13. Suppose -j + o + 3 = -20, 5*o = -4*j + 47. Calculate the remainder when k is divided by j.
16
Suppose 3*v - 75 = -2*v. Calculate the remainder when (-158)/(-18) - ((-329)/63 + (-7 - -12)) is divided by ((-18)/v)/(3/(-10)).
1
Suppose h = f - 0*h - 64, 0 = -5*f - 4*h + 329. Calculate the remainder when f is divided by 5/1*85/25 - 0.
14
Suppose 0 = -6*o + 3*o + 12. Suppose 12 + 4 = 4*z. Suppose i + 1 = z, -o*r - 2*i = -26. Calculate the remainder when 12 is divided by r.
2
Suppose -30 = -4*z + 7*z. Let t = z + 14. Suppose -b + 12 = 1. Calculate the remainder when b is divided by t.
3
Let w(i) be the third derivative of i**4/24 + i**3/3 - 4*i**2. Let f be w(1). Suppose -f*y + 2*y + 34 = 0. Calculate the remainder when 65 is divided by y.
31
Let l(j) = j**3 - j**2 + 1. Let h be l(-1). Let q be 984/20 - h/(-5). Suppose 4*i = q + 31. Calculate the remainder when 59 is divided by i.
19
Suppose 3*f - 2*j = 580, 4*f = j + 3*j + 780. What is the remainder when f is divided by 15?
10
Suppose 24*y - 6801 = 1551. What is the remainder when y is divided by 59?
53
Let x = 1334 + -844. Calculate the remainder when x is divided by 124.
118
Suppose g + 3*o - 20 = 0, g - 5*g + 3*o + 5 = 0. Calculate the remainder when 39 is divided by g.
4
Let h(k) = 76*k - 506. Calculate the remainder when 438 is divided by h(7).
22
Suppose -2*g - 5 + 197 = 0. Calculate the remainder when g is divided by 49.
47
Let g(w) = 6 - 40*w + 3 - w**2 - 36*w + 59*w. Calculate the remainder when g(-10) is divided by 27.
25
Suppose -2*c = 7 - 51. Suppose -3*w + 134 = -10. Suppose 18 = -5*q + w. What is the remainder when c is divided by q?
4
Suppose 2*w - 2 - 6 = 0, -y - 5*w = -202. Suppose 3*m - y = 43. Calculate the remainder when m is divided by 13.
10
Let t = 7 - -28. Calculate the remainder when (-270)/4*((-308)/t - -8) is divided by 14.
12
Suppose 92*w - 88*w - 4892 = -2*u, 5*u + 6100 = 5*w. Calculate the remainder when w is divided by 25.
22
Suppose -4*x = -0*m - m - 344, -4*x + 344 = -3*m. Let z = -40 + x. Calculate the remainder when z is divided by 12 + 2 - (-8)/(-4).
10
Let p(f) = -f**2 - 40*f - 102. Calculate the remainder when 382 is divided by p(-37).
4
Let p(i) = i - 10. Let g be p(9). What is the remainder when (-254)/(-4) - (0 - g/(-2)) is divided by 11?
9
Let v(i) = -i**3 + 2*i**2 + 2*i + 7. Let j be v(0). Suppose -7*q = j*q - 98. What is the remainder when 9 is divided by q?
2
Suppose 64*a = 68*a - 1232. Suppose -a = -20*z + 13*z. Calculate the remainder when 84 is divided by z.
40
Suppose b = -1 - 5. Suppose 209 + 211 = 20*k. Let w = b + k. Calculate the remainder when 42 is divided by w.
12
What is the remainder when 133 is divided by 391/(-102)*(-6)/1?
18
Suppose -1720*f = -1722*f + 108. What is the remainder when 173 is divided by f?
11
Let x = 97 - 56. Let r = x + -18. Calculate the remainder when r is divided by 64/(-112) + 120/14.
7
Let s(u) = 27*u**2 + 161*u + 2. Calculate the remainder when 54 is divided by s(-6).
6
Let m = 36 + -15. Suppose -3*r = -2*k + 71, -3*r + 6*r - 187 = -4*k. Let v = 125 - k. What is the remainder when v is divided by m?
19
Let r = 1764 + -655. What is the remainder when r is divided by 10?
9
Let c = -10 - 1. Let t = c - -12. Suppose 4*m - 4 = -l, -4*m - t = 3*l - 29. Calculate the remainder when 22 is divided by l.
10
Let q be 2 + 2 + 22/1. Suppose 3*h = 3*d - h - q, 2*d - 2*h - 20 = 0. Calculate the remainder when 41 is divided by d.
13
Let n(q) = -9*q - 82. Let t = 9 + 20. What is the remainder when t is divided by n(-10)?
5
Let p(i) = i**3 + 5*i**2 + 3*i + 3. Let l be 0 + (9 - -1)/1. Calculate the remainder when 272/l - 7/35 is divided by p(-4).
6
Suppose 3*c - 901 = 392. Calculate the remainder when c is divided by 26.
15
Let m be ((-6)/(-8))/(4/16). Suppose 6*k = -3*g + m*k, 3*g = -k + 8. Calculate the remainder when 30 is divided by g.
2
Suppose -48 = -2*y + 2*b, 2*y + 4*b - 3*b = 57. Suppose -24 = -d + y. Suppose 0 = -l - 4*p + d, l + 3*p + 11 = 57. What is the remainder when l is divided by 8?
7
Suppose 5*y = -2*p + 43, -5*p + p - 22 = -2*y. Calculate the remainder when y is divided by (2 - -1)/((-18)/(-12)).
1
Let k = -1127 + 1240. Calculate the remainder when 234 is divided by k.
8
Let y(u) = -6*u - 3*u + 28 + 8*u. What is the remainder when 25 is divided by y(19)?
7
Let f(m) = m**3 - 12*m**2 + 3*m - 7. Let l = 106 + -50. What is the remainder when l is divided by f(12)?
27
Let z = 3 - 2. Let n = 2448 + -2445. Calculate the remainder when n is divided by z.
0
Let r(b) = 6*b**2 - 2. Let g = 31 - 49. Let l = g + 30. Calculate the remainder when r(-2) is divided by l.
10
Calculate the remainder when (312/(-9))/(8/(-6) + 1) is divided by 27.
23
Let p be (0 - -12)*1/2. Let d be (-76)/p - (-20)/30. Let r = d + 26. Calculate the remainder when 27 is divided by r.
13
Let z = -72 - -101. Let q = z + -12. Let y(s) = -2*s + 3. What is the remainder when q is divided by y(-3)?
8
Suppose -3*n = -2*n. Suppose -9 = -0*t - 3*t. Suppose t*a - 2*a - 1 = n. Calculate the remainder when 2 is divided by a.
0
Suppose -27 = 138*j - 141*j. Calculate the remainder when 34 is divided by j.
7
Calculate the remainder when 18 is divided by -1 + 4 + 0/10 + 3.
0
Let z(w) = 4*w + 4. Let v(j) = 1. Let d(i) = -10*v(i) + z(i). What is the remainder when ((-32)/(-6))/((-2)/(-15)) is divided by d(5)?
12
Suppose -2*h - 16*c = -11*c - 189, c = -2*h + 177. Calculate the remainder when 434 is divided by h.
86
Le